{"id":1612,"date":"2023-07-15T10:51:58","date_gmt":"2023-07-15T10:51:58","guid":{"rendered":"https:\/\/tinywonder.be\/?page_id=1612"},"modified":"2024-10-23T08:12:01","modified_gmt":"2024-10-23T08:12:01","slug":"festival","status":"publish","type":"page","link":"https:\/\/tinywonder.be\/fr\/festival\/","title":{"rendered":"Festival Tiny Wonder"},"content":{"rendered":"<div data-elementor-type=\"wp-page\" data-elementor-id=\"1612\" class=\"elementor elementor-1612\" data-elementor-post-type=\"page\">\n\t\t\t\t<div class=\"elementor-element elementor-element-6350fb11 e-flex e-con-boxed e-con e-parent\" data-id=\"6350fb11\" data-element_type=\"container\" data-e-type=\"container\">\n\t\t\t\t\t<div class=\"e-con-inner\">\n\t\t\t\t<div class=\"elementor-element elementor-element-559d068c elementor-widget elementor-widget-text-editor\" data-id=\"559d068c\" data-element_type=\"widget\" data-e-type=\"widget\" data-widget_type=\"text-editor.default\">\n\t\t\t\t<div class=\"elementor-widget-container\">\n\t\t\t\t\t\t\t\t\t<p><\/p>\n<figure class=\"wp-block-image alignright size-full is-resized\"><img fetchpriority=\"high\" decoding=\"async\" class=\"alignnone wp-image-1622\" src=\"https:\/\/tinywonder.be\/wp-content\/uploads\/2023\/07\/WhatsApp-Image-2023-06-29-at-19.51.23.jpeg\" alt=\"Petite maison \" width=\"320\" height=\"240\" srcset=\"https:\/\/tinywonder.be\/wp-content\/uploads\/2023\/07\/WhatsApp-Image-2023-06-29-at-19.51.23.jpeg 1024w, https:\/\/tinywonder.be\/wp-content\/uploads\/2023\/07\/WhatsApp-Image-2023-06-29-at-19.51.23-300x225.jpeg 300w, https:\/\/tinywonder.be\/wp-content\/uploads\/2023\/07\/WhatsApp-Image-2023-06-29-at-19.51.23-768x576.jpeg 768w\" sizes=\"(max-width: 320px) 100vw, 320px\" \/><\/figure>\n<p><\/p>\n<p>Les vendredi 18 et samedi 19 ao\u00fbt, Tiny Wonder organise un \u00e9v\u00e9nement atmosph\u00e9rique de deux jours autour de l'habitat minuscule. Vous y d\u00e9couvrirez plusieurs tiny houses. Vous pourrez \u00e9galement interagir avec des r\u00e9sidents de Tiny House et des sp\u00e9cialistes de l'habitat sur roues.<\/p>\n<p>Notre festival aura lieu \u00e0 Geraardsbergen. Le lieu exact vous sera communiqu\u00e9 apr\u00e8s votre inscription.<\/p>\n<p><\/p>\n<p>Nous proposons des en-cas biologiques savoureux et des boissons r\u00e9guli\u00e8res et ferment\u00e9es.<\/p>\n<p><\/p>\n<h3 class=\"wp-block-heading\"><strong>Pratique<\/strong><\/h3>\n<p><\/p>\n<figure class=\"wp-block-image alignright size-full is-resized\"><img decoding=\"async\" class=\"alignnone wp-image-1628\" src=\"https:\/\/tinywonder.be\/wp-content\/uploads\/2023\/07\/LeenCarionGeraardsbergen-1.jpeg\" alt=\"Petite maison \" width=\"316\" height=\"215\" srcset=\"https:\/\/tinywonder.be\/wp-content\/uploads\/2023\/07\/LeenCarionGeraardsbergen-1.jpeg 640w, https:\/\/tinywonder.be\/wp-content\/uploads\/2023\/07\/LeenCarionGeraardsbergen-1-300x205.jpeg 300w\" sizes=\"(max-width: 316px) 100vw, 316px\" \/><\/figure>\n<p><\/p>\n<p>Soyez les bienvenus \u00e0 l'une ou l'autre de ces deux dates :<\/p>\n<p><\/p>\n<p>Vendredi de 17h \u00e0 21h<br \/>Samedi de 14h \u00e0 18h<\/p>\n<p><\/p>\n<p>Lors de ces deux \u00e9v\u00e9nements, deux sessions d'information seront donn\u00e9es par des experts en la mati\u00e8re. Vendredi \u00e0 18h et 19h. Samedi \u00e0 15h et 16h.<\/p>\n<p><\/p>\n<p>1\/ Quelle est la valeur ajout\u00e9e d'une petite maison ? Comment r\u00e9aliser un projet de Tiny House dans chaque commune flamande ? Par Koen Van Aken.<\/p>\n<p><\/p>\n<p>2\/ FAQ sur les petits logements (l\u00e9gislation, financement, pratique) expliqu\u00e9e par Bert Schelfhout.<\/p>\n<p><\/p>\n<p>A l'avance <a href=\"https:\/\/www.eventbrite.be\/e\/tickets-tiny-wonder-festival-opendeur-677939855357?utm-campaign=social&amp;utm-content=attendeeshare&amp;utm-medium=discovery&amp;utm-term=listing&amp;utm-source=cp&amp;aff=ebdsshwebdesktop\" data-type=\"URL\" data-id=\"https:\/\/www.eventbrite.be\/e\/tickets-tiny-wonder-festival-opendeur-677939855357?utm-campaign=social&amp;utm-content=attendeeshare&amp;utm-medium=discovery&amp;utm-term=listing&amp;utm-source=cp&amp;aff=ebdsshwebdesktop\">registre<\/a> est n\u00e9cessaire. <br \/>Co\u00fbt : 12 euros, boissons et snacks inclus. <br \/>Nombre de places limit\u00e9 (50 \u00e0 la fois) pour assurer une bonne r\u00e9ception.<\/p>\n<p>Suivez l'actualit\u00e9 de notre festival des petites merveilles sur <a href=\"https:\/\/www.facebook.com\/events\/734188911811696\" data-type=\"URL\" data-id=\"https:\/\/www.facebook.com\/events\/734188911811696\">Facebook<\/a>.<br \/>R\u00e9servez vos places via <a href=\"https:\/\/www.eventbrite.be\/e\/tickets-tiny-wonder-festival-opendeur-677939855357?utm-campaign=social&amp;utm-content=attendeeshare&amp;utm-medium=discovery&amp;utm-term=listing&amp;utm-source=cp&amp;aff=ebdsshwebdesktop\" data-type=\"URL\" data-id=\"https:\/\/www.eventbrite.be\/e\/tickets-tiny-wonder-festival-opendeur-677939855357?utm-campaign=social&amp;utm-content=attendeeshare&amp;utm-medium=discovery&amp;utm-term=listing&amp;utm-source=cp&amp;aff=ebdsshwebdesktop\">Eventbrite<\/a>.<\/p>\n<p>\u00a0<\/p>\n<p>Questions ? <a href=\"https:\/\/tinywonder.be\/fr\/contact\/\">Contactez nous<\/a><\/p>\n<p><\/p>\n<figure class=\"wp-block-gallery has-nested-images columns-default is-cropped wp-block-gallery-2 is-layout-flex wp-block-gallery-is-layout-flex\">\n<p>\u00a0<\/p>\n<figure class=\"wp-block-image size-large\"><img decoding=\"async\" data-id=\"1618\" class=\"alignnone wp-image-1618\" src=\"https:\/\/tinywonder.be\/wp-content\/uploads\/2023\/07\/TWFestival-Banner-1.jpeg\" alt=\"festival des petites merveilles\" width=\"705\" height=\"591\" srcset=\"https:\/\/tinywonder.be\/wp-content\/uploads\/2023\/07\/TWFestival-Banner-1.jpeg 705w, https:\/\/tinywonder.be\/wp-content\/uploads\/2023\/07\/TWFestival-Banner-1-300x251.jpeg 300w\" sizes=\"(max-width: 705px) 100vw, 705px\" \/><\/figure>\n<p><\/p>\n<\/figure>\n<p><\/p>\t\t\t\t\t\t\t\t<\/div>\n\t\t\t\t<\/div>\n\t\t\t\t\t<\/div>\n\t\t\t\t<\/div>\n\t\t\t\t<\/div>","protected":false},"excerpt":{"rendered":"<p>Op vrijdag 18 en zaterdag 19 augustus organiseert Tiny Wonder een sfeervolle 2-daagse rond tiny housing. Je zal er verschillende tiny houses ontdekken. Je kan ook in gesprek gaan met Tiny House bewoners en specialisten inzake Tiny Housing on wheels. Ons festival gaat door in Geraardsbergen. Na je inschrijving ontvang je de exacte locatie. We [&hellip;]<\/p>\n","protected":false},"author":2,"featured_media":1609,"parent":0,"menu_order":0,"comment_status":"closed","ping_status":"closed","template":"","meta":{"site-sidebar-layout":"default","site-content-layout":"","ast-site-content-layout":"default","site-content-style":"default","site-sidebar-style":"default","ast-global-header-display":"","ast-banner-title-visibility":"","ast-main-header-display":"","ast-hfb-above-header-display":"","ast-hfb-below-header-display":"","ast-hfb-mobile-header-display":"","site-post-title":"","ast-breadcrumbs-content":"","ast-featured-img":"","footer-sml-layout":"","ast-disable-related-posts":"","theme-transparent-header-meta":"","adv-header-id-meta":"","stick-header-meta":"","header-above-stick-meta":"","header-main-stick-meta":"","header-below-stick-meta":"","astra-migrate-meta-layouts":"set","ast-page-background-enabled":"default","ast-page-background-meta":{"desktop":{"background-color":"","background-image":"","background-repeat":"repeat","background-position":"center center","background-size":"auto","background-attachment":"scroll","background-type":"","background-media":"","overlay-type":"","overlay-color":"","overlay-opacity":"","overlay-gradient":""},"tablet":{"background-color":"","background-image":"","background-repeat":"repeat","background-position":"center center","background-size":"auto","background-attachment":"scroll","background-type":"","background-media":"","overlay-type":"","overlay-color":"","overlay-opacity":"","overlay-gradient":""},"mobile":{"background-color":"","background-image":"","background-repeat":"repeat","background-position":"center center","background-size":"auto","background-attachment":"scroll","background-type":"","background-media":"","overlay-type":"","overlay-color":"","overlay-opacity":"","overlay-gradient":""}},"ast-content-background-meta":{"desktop":{"background-color":"var(--ast-global-color-5)","background-image":"","background-repeat":"repeat","background-position":"center center","background-size":"auto","background-attachment":"scroll","background-type":"","background-media":"","overlay-type":"","overlay-color":"","overlay-opacity":"","overlay-gradient":""},"tablet":{"background-color":"var(--ast-global-color-5)","background-image":"","background-repeat":"repeat","background-position":"center center","background-size":"auto","background-attachment":"scroll","background-type":"","background-media":"","overlay-type":"","overlay-color":"","overlay-opacity":"","overlay-gradient":""},"mobile":{"background-color":"var(--ast-global-color-5)","background-image":"","background-repeat":"repeat","background-position":"center center","background-size":"auto","background-attachment":"scroll","background-type":"","background-media":"","overlay-type":"","overlay-color":"","overlay-opacity":"","overlay-gradient":""}},"footnotes":""},"class_list":["post-1612","page","type-page","status-publish","has-post-thumbnail","hentry"],"_links":{"self":[{"href":"https:\/\/tinywonder.be\/fr\/wp-json\/wp\/v2\/pages\/1612","targetHints":{"allow":["GET"]}}],"collection":[{"href":"https:\/\/tinywonder.be\/fr\/wp-json\/wp\/v2\/pages"}],"about":[{"href":"https:\/\/tinywonder.be\/fr\/wp-json\/wp\/v2\/types\/page"}],"author":[{"embeddable":true,"href":"https:\/\/tinywonder.be\/fr\/wp-json\/wp\/v2\/users\/2"}],"replies":[{"embeddable":true,"href":"https:\/\/tinywonder.be\/fr\/wp-json\/wp\/v2\/comments?post=1612"}],"version-history":[{"count":7,"href":"https:\/\/tinywonder.be\/fr\/wp-json\/wp\/v2\/pages\/1612\/revisions"}],"predecessor-version":[{"id":4935,"href":"https:\/\/tinywonder.be\/fr\/wp-json\/wp\/v2\/pages\/1612\/revisions\/4935"}],"wp:featuredmedia":[{"embeddable":true,"href":"https:\/\/tinywonder.be\/fr\/wp-json\/wp\/v2\/media\/1609"}],"wp:attachment":[{"href":"https:\/\/tinywonder.be\/fr\/wp-json\/wp\/v2\/media?parent=1612"}],"curies":[{"name":"wp","href":"https:\/\/api.w.org\/{rel}","templated":true}]}}

<div data-elementor-type="wp-page" data-elementor-id="1612" class="elementor elementor-1612" data-elementor-post-type="page">
				<div class="elementor-element elementor-element-6350fb11 e-flex e-con-boxed e-con e-parent" data-id="6350fb11" data-element_type="container" data-e-type="container">
					<div class="e-con-inner">
				<div class="elementor-element elementor-element-559d068c elementor-widget elementor-widget-text-editor" data-id="559d068c" data-element_type="widget" data-e-type="widget" data-widget_type="text-editor.default">
				<div class="elementor-widget-container">
									<p></p>
<figure class="wp-block-image alignright size-full is-resized"><img fetchpriority="high" decoding="async" class="alignnone wp-image-1622" src="https://tinywonder.be/wp-content/uploads/2023/07/WhatsApp-Image-2023-06-29-at-19.51.23.jpeg" alt="Petite maison " width="320" height="240" srcset="https://tinywonder.be/wp-content/uploads/2023/07/WhatsApp-Image-2023-06-29-at-19.51.23.jpeg 1024w, https://tinywonder.be/wp-content/uploads/2023/07/WhatsApp-Image-2023-06-29-at-19.51.23-300x225.jpeg 300w, https://tinywonder.be/wp-content/uploads/2023/07/WhatsApp-Image-2023-06-29-at-19.51.23-768x576.jpeg 768w" sizes="(max-width: 320px) 100vw, 320px" /></figure>
<p></p>
<p>Les vendredi 18 et samedi 19 août, Tiny Wonder organise un événement atmosphérique de deux jours autour de l'habitat minuscule. Vous y découvrirez plusieurs tiny houses. Vous pourrez également interagir avec des résidents de Tiny House et des spécialistes de l'habitat sur roues.</p>
<p>Notre festival aura lieu à Geraardsbergen. Le lieu exact vous sera communiqué après votre inscription.</p>
<p></p>
<p>Nous proposons des en-cas biologiques savoureux et des boissons régulières et fermentées.</p>
<p></p>
<h3 class="wp-block-heading"><strong>Pratique</strong></h3>
<p></p>
<figure class="wp-block-image alignright size-full is-resized"><img decoding="async" class="alignnone wp-image-1628" src="https://tinywonder.be/wp-content/uploads/2023/07/LeenCarionGeraardsbergen-1.jpeg" alt="Petite maison " width="316" height="215" srcset="https://tinywonder.be/wp-content/uploads/2023/07/LeenCarionGeraardsbergen-1.jpeg 640w, https://tinywonder.be/wp-content/uploads/2023/07/LeenCarionGeraardsbergen-1-300x205.jpeg 300w" sizes="(max-width: 316px) 100vw, 316px" /></figure>
<p></p>
<p>Soyez les bienvenus à l'une ou l'autre de ces deux dates :</p>
<p></p>
<p>Vendredi de 17h à 21h<br />Samedi de 14h à 18h</p>
<p></p>
<p>Lors de ces deux événements, deux sessions d'information seront données par des experts en la matière. Vendredi à 18h et 19h. Samedi à 15h et 16h.</p>
<p></p>
<p>1/ Quelle est la valeur ajoutée d'une petite maison ? Comment réaliser un projet de Tiny House dans chaque commune flamande ? Par Koen Van Aken.</p>
<p></p>
<p>2/ FAQ sur les petits logements (législation, financement, pratique) expliquée par Bert Schelfhout.</p>
<p></p>
<p>A l'avance <a href="https://www.eventbrite.be/e/tickets-tiny-wonder-festival-opendeur-677939855357?utm-campaign=social&amp;utm-content=attendeeshare&amp;utm-medium=discovery&amp;utm-term=listing&amp;utm-source=cp&amp;aff=ebdsshwebdesktop" data-type="URL" data-id="https://www.eventbrite.be/e/tickets-tiny-wonder-festival-opendeur-677939855357?utm-campaign=social&amp;utm-content=attendeeshare&amp;utm-medium=discovery&amp;utm-term=listing&amp;utm-source=cp&amp;aff=ebdsshwebdesktop">registre</a> est nécessaire. <br />Coût : 12 euros, boissons et snacks inclus. <br />Nombre de places limité (50 à la fois) pour assurer une bonne réception.</p>
<p>Suivez l'actualité de notre festival des petites merveilles sur <a href="https://www.facebook.com/events/734188911811696" data-type="URL" data-id="https://www.facebook.com/events/734188911811696">Facebook</a>.<br />Réservez vos places via <a href="https://www.eventbrite.be/e/tickets-tiny-wonder-festival-opendeur-677939855357?utm-campaign=social&amp;utm-content=attendeeshare&amp;utm-medium=discovery&amp;utm-term=listing&amp;utm-source=cp&amp;aff=ebdsshwebdesktop" data-type="URL" data-id="https://www.eventbrite.be/e/tickets-tiny-wonder-festival-opendeur-677939855357?utm-campaign=social&amp;utm-content=attendeeshare&amp;utm-medium=discovery&amp;utm-term=listing&amp;utm-source=cp&amp;aff=ebdsshwebdesktop">Eventbrite</a>.</p>
<p> </p>
<p>Questions ? <a href="https://tinywonder.be/fr/contact/">Contactez nous</a></p>
<p></p>
<figure class="wp-block-gallery has-nested-images columns-default is-cropped wp-block-gallery-2 is-layout-flex wp-block-gallery-is-layout-flex">
<p> </p>
<figure class="wp-block-image size-large"><img decoding="async" data-id="1618" class="alignnone wp-image-1618" src="https://tinywonder.be/wp-content/uploads/2023/07/TWFestival-Banner-1.jpeg" alt="festival des petites merveilles" width="705" height="591" srcset="https://tinywonder.be/wp-content/uploads/2023/07/TWFestival-Banner-1.jpeg 705w, https://tinywonder.be/wp-content/uploads/2023/07/TWFestival-Banner-1-300x251.jpeg 300w" sizes="(max-width: 705px) 100vw, 705px" /></figure>
<p></p>
</figure>
<p></p>								</div>
				</div>
					</div>
				</div>
				</div>
